 0. Let z(g) = g**3 + 9*g**2 + 12*g - 6. Let v be z(-7). Let w = y + v. Is w a prime number?
False
Let w = 79 - 141. Let y = -57 - w. Suppose 17 = 5*n - y*c - 143, -c = -2*n + 69. Is n a prime number?
True
Let b = 275993 - 191592. Is b prime?
True
Let a(k) = -k**2 + 4*k + 3. Let b be a(4). Suppose p = -2*o + 3*p - 22, b*o + 37 = 5*p. Is o/6*13810/(-15) a prime number?
True
Let p(o) = 6136*o**2 - 115*o - 50. Is p(9) a composite number?
False
Suppose -62*p = -66*p - 512. Let t = p + 519. Is t a composite number?
True
Let k = 611382 - 296009. Is k a composite number?
False
Suppose 0 = -5*u - 2*m + 11432, 12*u - 4*m = 14*u - 4560. Suppose 5*x - 3047 = u. Is x prime?
False
Is (-3)/33*2 - (-352549908)/1188 a composite number?
True
Let u be (-1 + -2025)*23/46. Let p = -210 - u. Is p composite?
True
Suppose -5*j = 2*p - 165999 - 88237, -2*p + 254230 = 4*j. Is p prime?
True
Suppose 16 = f - 8*l + 9*l, -4*f = 5*l - 68. Let n(r) = 107*r - 69. Let g be n(f). Let y = g + -716. Is y composite?
False
Let n = 4366 - 545. Is n a prime number?
True
Let c be 5 + -7 - 4/6*-3. Suppose -3*q = -8*q - 4*y + 6983, q + 2*y - 1393 = c. Is q prime?
True
Let p be (-5)/4*8/2. Is p - 0 - ((-2 - -1) + -1443) a composite number?
False
Let z be -1*32/((-56)/(-7)). Let a(k) = 246*k**2 - 11*k - 13. Is a(z) a prime number?
True
Let b = 188572 + -101759. Is b a prime number?
True
Let j be (22/(-33))/(2/(-93)). Let b = j + 192. Is b prime?
True
Suppose -77 = 10*c - 3*c. Let p(d) = -130*d + 305. Is p(c) a prime number?
False
Let g(d) = -2*d + 22. Let c be g(9). Is 59873/44 - (1 + (-5)/c) a prime number?
True
Let n = 87 - -53. Suppose -n + 517 = p. Is p a composite number?
True
Let z(o) be the second derivative of o**5/20 + o**4/12 - o**3/3 + 314*o**2 + 22*o. Let b be z(0). Let p = b + 273. Is p prime?
False
Let h(l) = 192*l - 11. Suppose -10 = 9*z - 10*z. Suppose 5*v - 10*v = -z. Is h(v) prime?
True
Let n(s) = -20*s + 4399. Let q = -269 + 269. Is n(q) a prime number?
False
Suppose 361032 + 3455526 = 486*t. Is t prime?
True
Suppose 0*i = -i - 195. Let n = -120 - i. Suppose 0 = 5*h - 5*o - 335, h + 2*o - o = n. Is h a composite number?
False
Let h(a) = -a**3 + 5*a**2 + 15*a - 2. Let b be h(7). Suppose -b*z + i - 5019 = -72244, 0 = -i. Is z prime?
False
Suppose 2*g = -2*h + 18, -5*h + 22*g - 18*g + 9 = 0. Is 1111/h + (-16)/(-20) a prime number?
True
Let z(n) = n**3 + 52*n**2 - 10*n - 27. Let s(m) = -3*m**3 - 116*m**2 + 20*m + 54. Let v(p) = -3*s(p) - 7*z(p). Let h = 27 - 11. Is v(h) a composite number?
False
Let d = 1215 - 2400. Let u be -20*(-4 - d/(-12)). Suppose 4*h = w - 401, 4*w = -w - 5*h + u. Is w prime?
True
Let c be ((-4)/12)/(6/54). Let n be (4 - 0) + (5 - (-45)/c). Is ((-11144)/n - 1/3)*1 prime?
False
Suppose -8883613 = 263*w - 324*w. Is w a prime number?
True
Suppose -2*n + 232 = v, 122 = n + 4*v - 5*v. Let w = 1191 + -480. Let s = w - n. Is s a prime number?
True
Let y(p) = -11*p + 202. Let u be y(18). Let w = 8 + -4. Suppose 2*c + c - w*n = 8235, -u*n - 12 = 0. Is c a prime number?
True
Suppose 4 = -9*t - 5. Let q be 2 + 1 + (-1 - (t + 3)). Suppose f = -3*h + 2*h + 38, -5*h + 5 = q. Is f a composite number?
False
Suppose -4*l + 614008 = 4*c, 136 = 5*l + 161. Is c a composite number?
True
Let u = -165 + 169. Is (6 + (-16)/u - 0) + 15155 prime?
False
Is (1 - -34990) + (-1 - (-6 - -5)) prime?
False
Is 16 - 1231944/(-10 - -6) prime?
False
Suppose -k - 65608 + 177330 = 5*u, -3*u = 2*k - 223472. Is k a composite number?
True
Let k(j) = j**2 + 9*j + 1. Let r be k(-10). Let l = -6 + r. Suppose i + 3*w = -2*i + 336, -l*i + 5*w = -570. Is i a composite number?
False
Suppose 2*k = -d + 361445, 0 = -2*k - 4*d + 122172 + 239282. Is k composite?
True
Suppose -3*n + 5*o = -446273, -o = -3*n + 429549 + 16732. Suppose 52*y - 61*y = -n. Is y a prime number?
True
Let f(d) = -2*d + 0*d + 11*d - 7*d - 1 + 14*d. Suppose -2*s = -5*u + 44, s = 2*s + 2. Is f(u) a prime number?
True
Suppose -261*n + 67677114 + 47606606 = 12880631. Is n a prime number?
False
Suppose -1992067 = -7*z - 501144. Is z composite?
True
Suppose -2*o - 5*y + 18 = 0, 2*o = 2*y - 2 + 6. Suppose z = 2*n + n - 7, -o*z = -2*n - 22. Let i(w) = -w**3 + 10*w**2 + 9*w + 3. Is i(z) composite?
True
Suppose 29*s + 593578 - 819459 - 957638 = 0. Is s a prime number?
False
Suppose -t = -30*f + 26*f + 339713, 3*f + 2*t = 254793. Suppose 14586 - f = -7*o. Is o prime?
False
Let j(p) = 991*p - 552. Is j(25) a prime number?
True
Suppose -4*h + 16367 + 17629 = 0. Suppose 2*w - 3*x - 8449 = 2*x, 2*w = -5*x + h. Is w a prime number?
False
Suppose 15*h + j = 10*h + 582509, 3*h - j - 349515 = 0. Is h prime?
False
Let u(n) = -7586*n + 221. Is u(-3) prime?
False
Let p(c) = c**2 + 11*c + 24. Let h be p(-7). Let z be 2/h*(1 + -2 - -1). Suppose 4*y + 2*r - 1178 = 0, 1169 = 4*y - r - z*r. Is y a prime number?
True
Is (-930094)/(-2) + 2 - (-38)/(-437)*69 prime?
False
Suppose 6*c - 147 = 117. Suppose 78512 = -28*u + c*u. Is u a prime number?
False
Suppose -5*k + 3*v = 14327 + 109109, 3*v = 3*k + 74064. Let p = k - -12629. Is (-50)/125 - p/5 composite?
False
Is 7754031/75 + (-262)/3275 prime?
True
Suppose 49028010 = -61*o - 8*o + 139410351. Is o a prime number?
False
Let h(x) = x**3 + 11*x**2 - 10*x + 24. Let i be h(-12). Suppose 4*y = 4*s + 6250 + 8154, i = 3*y - s - 10803. Is y a prime number?
False
Let t(x) = -45 + 622*x + 15 + 10 + 9. Is t(9) a composite number?
True
Let o(z) = 5993*z**2 - 7*z + 12. Let c(d) = 2996*d**2 - 3*d + 6. Let k(p) = -5*c(p) + 3*o(p). Is k(1) prime?
True
Suppose -g = 5*o + 7, -6*g = -5*g - 4*o - 11. Suppose -z = 4*b + 4491, z + g*z = 4. Let k = b - -7472. Is k composite?
True
Let w = -231881 + 2597326. Is w composite?
True
Let n be (0 - 2)/((-11)/(605/10)). Suppose 0 = -n*c - 23 + 111. Is 94*10/(c*3/6) a composite number?
True
Let y be (3/(-12)*61)/((-7)/(-28)). Let n = 64 + y. Suppose n*u + 537 = 6*u. Is u a composite number?
False
Suppose 41*y - 130312 - 2281759 = 0. Is y prime?
True
Let a = 8573 + -16572. Let m = a + 18761. Is m a prime number?
False
Suppose 0 = 2*g - 2*n, 3*n - n - 3 = -g. Suppose 0 = t - g, -j = -2*j - 3*t + 6950. Is j prime?
True
Let z(y) = -2*y**3 + 29 - 6*y + 5*y - 13*y**2 + 3*y**3. Is z(14) composite?
False
Let q(u) be the third derivative of u**5/20 + 3*u**4/8 - 7*u**3/6 - 744*u**2. Let j = -9 + 16. Is q(j) a composite number?
True
Let n = -75370 + 138203. Is n prime?
False
Suppose -c + 3*r = 33, -2 = -3*r + 1. Let j be 20/c + 4/6. Suppose -3*i + 0*i + 168 = p, j = -2*i - 6. Is p a prime number?
False
Let t(h) = -h**3 - 7*h**2 - 13*h - 6. Let m(a) = 3*a**3 + 13*a**2 + 26*a + 10. Let p(q) = -2*m(q) - 5*t(q). Is p(-19) a composite number?
False
Let f = 325805 - -347568. Is f composite?
True
Let f be (-200)/(-125)*(-5)/(-2). Suppose 5*y - 286 = -2*g, -f*y + 230 = -0*y + g. Is y composite?
True
Let v = -13 + 11. Let b be (-3 - v)/((-2)/4). Is 3 + b + -1 - -49 composite?
False
Let v = -12633 + 24002. Is v a composite number?
False
Let l(t) be the third derivative of -49*t**4/24 + 26*t**3/3 + 288*t**2. Is l(-13) composite?
True
Let y(u) = 175*u**2 + 47*u + 157. Is y(-8) prime?
False
Let q = 171261 + -61184. Is q a composite number?
True
Let f be 1/(-2) + (-15505)/(-10). Let x = f - -1727. Is x prime?
False
Suppose -y + 3*f + 2 = -1, -2*y + f + 1 = 0. Let r be ((y - 0)/(2 + -5))/(-2). Suppose 1571 = o - r*o + 2*p, -3*o + 3*p = -4668. Is o a prime number?
False
Let x = -17 + 12. Suppose -65 = 4*f - 5*w + 893, -2*f - 464 = 5*w. Is (x + 2 - -5)*f/(-2) a composite number?
True
Suppose 7182211 + 19991472 = 53*u. Is u a prime number?
True
Let o(i) be the first derivative of 69*i**2/2 - 224*i + 171. Is o(23) a prime number?
False
Let z be 10/(-5) + 1 + -1984. Let u = z + 4958. Is u a composite number?
True
Let r(t) = 713*t + 12. Let p(i) = -1425*i - 27. Let g(x) = 3*p(x) + 7*r(x). Is g(8) composite?
True
Let m be -1 - 213/(15/(-5)). Let t(i) = -m*i - 1315 + 1348 + 30*i. Is t(-13) prime?
False
Suppose 4*l - 215*m = -212*m + 4291676, -5*l + 5364595 = 5*m. Is l a composite number?
False
Suppose -1144*h + 2*p = -1147*h + 449583, h - 149827 = 5*p. Is h composite?
True
Suppose -35*f + 32*f = 66. Is (-42)/231 - 11466/f a composite number?
False
Suppose -476*x = -70*x - 224772562. Is x prime?
True
Let a = -38 + 41. Sup